se -1 = -3*t + 11. What is v(t)?
7
Suppose -9*i - 35 = -5*z, -3*i - 23 = 2*z - 37. Let c(v) = v**3 - 6*v**2 - 3*v + 4. What is c(z)?
32
Let z(b) = 1 - 3*b + b - 4*b. Suppose -u - 245 = -14*l + 17*l, 0 = 4*u + 4*l + 940. Let q = 231 + u. Calculate z(q).
-5
Let d(o) = -o - 22. Suppose -5*g + 45 = 116*a - 111*a, -45 = -5*g + 2*a. Calculate d(g).
-31
Let g = 9 + -5. Suppose -g*w - 27 = -4*i + 9, -w - 29 = -5*i. Let k(l) = -3 - 1 + 7*l - 5*l + i. What is k(-5)?
-9
Suppose 7*h + s = 2*h + 14633, 3*s = 4*h - 11695. Let f(m) = -h*m + 2919*m + 0*m**3 - m**3 - 3 - 8*m**2. What is f(-7)?
-3
Let k = -2882 - -2897. Suppose 5*o = -2*x + 5*x - 29, 0 = 5*o + 20. Suppose p - 2*w + 6 = 0, -k + 6 = p - x*w. Let g(a) = a - 2. Calculate g(p).
-2
Let m(f) = -f**3 - 8*f**2 - 10*f + 6. Let w = -937 + 931. Give m(w).
-6
Let q(f) = f**2 - 10*f - 97. Let w be (-30)/(-16)*(-8 + 0 + (8 - -8)). Determine q(w).
-22
Let o(b) = 8*b**2 - 22*b - 54. Let i be o(-2). Let s(c) = c**2 - 21*c - 27. Give s(i).
-5
Suppose 13*i = 19*i - 24. Let l(k) = -135*k + 65*k - 2 - i*k**3 + 69*k + 4*k**2. What is l(2)?
-20
Let j(a) = -5*a**2 + a + 2. Let f(o) = o**3 + 6*o**2 - 6*o - 17. Let y be f(-5). Suppose 11*i - y + 16 = 0. Give j(i).
-16
Let c be (-1)/(232/(-32) + 7). Suppose -3*u - 16 = u + 3*m, -c*u = 4*m + 12. Let l(w) = 4*w - 3. Calculate l(u).
-31
Let r be (-1)/((-4)/(-8)) + 2. Let m(q) be the third derivative of -q**5/60 - q**4/24 - 11*q**3/6 - 2*q**2 + 786. Determine m(r).
-11
Let t(l) = -l + 3. Suppose -f + 0*f = -3*s - 11, -f = 3*s + 1. Suppose 3*i - 25 = 4*i + f*u, -5*i = -2*u + 17. Determine t(i).
8
Let f = 36 - 28. Let n be (f/16)/(2/16). Suppose n*v - 1 = -21. Let j(x) = x - 1. Determine j(v).
-6
Let m(s) be the first derivative of s**3/3 + 13*s**2/2 + 9*s - 1028. What is m(-11)?
-13
Let t(z) = 2*z**3 - 3 - 1 + 5*z**2 - z**3 + 4*z. Let q be t(-4). Let u(n) = 24 - 80 + 28 + 27 + 3*n - n. What is u(q)?
-9
Let v = 3 - 5. Let z(l) be the third derivative of 0*l**4 + l**2 + 1/120*l**6 + 1/30*l**5 + 1/3*l**3 + 0 + 0*l. Calculate z(v).
2
Let i = 1790 - 1801. Let x(a) = 2*a**3 + 23*a**2 + 12*a + 4. Give x(i).
-7
Let w(l) = 3*l + 36. Suppose -3*t - r = t + 42, -3*r = t + 27. Give w(t).
9
Suppose 0 = 279*b - 369*b + 2700. Let f(r) = -2*r**2 + 60*r + 16. What is f(b)?
16
Let i(k) = k**3 - 6*k**2 + 6*k + 3. Suppose -4*w + 299 = -4*g - 129, -2*g - 5*w - 214 = 0. Let x = -102 - g. What is i(x)?
8
Let k be 1*(-2)/(-10) + (-183)/15. Let n be k/8*2 + 1*-7. Let s be (1/(-10)*-12)/(4/n). Let h(d) = -d + 2. Determine h(s).
5
Let f(l) be the second derivative of -l**3/2 + 2*l**2 + 61*l - 101. Let a(d) = -1 + 9 - 3*d**2 + 4*d**2 + d. Let j be a(0). Calculate f(j).
-20
Let l(a) = 2*a**3 + 2*a**2 - 3*a - 2. Suppose -325 = -22*o + 9*o. Suppose 27 - o = -h. Calculate l(h).
-4
Let m(g) = 0*g + 0*g + 2*g - 24 + 17. Let x be m(2). Let t(n) = 0*n + n**2 + 1 + 4*n - 2*n. What is t(x)?
4
Let o(r) = 4 + 6*r**3 + 5*r - 6*r**2 - 5*r**3 - 8*r + 6*r. Suppose 2*i = -2*c, -9*i + 8*i = 4. What is o(c)?
-16
Let o(t) = 3*t**2 - t + 1. Let i be (4/10)/(1/(-5)). Let k(s) = -5*s**2 - 5*s - 11. Let r(p) = i*o(p) - k(p). Determine r(8).
1
Suppose 2*g - 34 = 7*c, -2*c = 5*g + 2451 - 2419. Let p(t) = t**3 + 0*t**2 + 10*t**2 - 3*t**2 + 4*t - 4. What is p(c)?
8
Let a(f) = 12*f + 109. Let i(m) = -7*m - 62. Let c(j) = 4*a(j) + 7*i(j). Suppose -4*h - 38 = -g, -2*h - 3*g - 14 + 2 = 0. What is c(h)?
11
Let w(o) = -o**2 - 9*o - 1. Let n(z) = -2*z - 9. Let y be n(4). Let g be y*(-4 - 2*1/(-2)). Suppose 5*v = -g + 6. Determine w(v).
-1
Let k(h) = -9*h**2 - 29*h + 215. Let t(l) = -5*l**2 - 14*l + 103. Let p(u) = -4*k(u) + 7*t(u). Determine p(-24).
5
Let m(x) = -3*x**3 + 13*x**2 + 40*x + 8. Let t(u) = 4*u**3 - 13*u**2 - 44*u - 7. Let r(n) = 5*m(n) + 4*t(n). Calculate r(-11).
-10
Let o(u) = -u**3 - 4*u**2 + 5*u + 5. Let z = 58 - 57. Suppose -4*j - 3 = -r + z, j = 4*r - 16. Suppose j = -10*d + 16 - 66. Calculate o(d).
5
Let c(t) = -605*t + 204*t + 7*t**2 - t**3 + 206*t + 201*t - 19. Determine c(8).
-35
Suppose -164 = -3*q + 436. Let x = q - 205. Let n(s) be the first derivative of s**2 + 2*s + 3. Calculate n(x).
-8
Let f(l) be the first derivative of l**3/3 + 7*l**2/2 + 3*l - 6723. Determine f(-3).
-9
Let m(p) = -p**3 - p**2 - 2*p - 1. Let h(v) = v**3 - 8*v**2 + 9*v - 8. Let f be h(5). Let z be (-15 - f)*(1 - 0). Let w = -25 + z. Give m(w).
7
Let o(g) = -10*g - 84. Let d(b) = 5. Let l(k) = -7*d(k) - o(k). Give l(-5).
-1
Let i be 1 + -2 + 21/3. Let a(u) = -45*u**2 + 7*u + 22*u**2 + 11*u**2 - u**3 - 2 + 17*u**2. Determine a(i).
4
Let f(y) be the second derivative of -y**3 - 3*y**2/2 - 4*y. Let i(h) = -4*h + 102. Suppose -2*u = 2 - 4, 0 = 2*r + u - 53. Let l be i(r). Give f(l).
9
Let b be 3*(-1 + 3 - 1). Suppose 2*g = -b*g - 10. Let i(u) = -56*u**3 + 28*u**3 + 4*u**2 - 163 + 163 + 3*u + 31*u**3. Calculate i(g).
-14
Let o(y) = -y**3 + y**2 - 5*y + 10. Let z be o(0). Suppose -z = 12*p + 62. Let l(m) = m**3 + 6*m**2 - m + 8. Determine l(p).
14
Let p(b) = -14*b - 124. Let i = 3311 - 3320. Determine p(i).
2
Let v(r) = 18*r**3 - 5*r**2 + 3*r - 2. Let f(s) = -18*s**3 + 6*s**2 - 4*s + 3. Suppose 73 = 9*x + 100. Let d(w) = x*f(w) - 4*v(w). Determine d(1).
-17
Suppose 59*k = 60*k - 3*u + 18, 0 = 2*k + 3*u. Let h be ((-282)/188)/(k/20). Let j(a) = -a + 5. Calculate j(h).
0
Let m(s) be the second derivative of -s**6/120 - 7*s**5/60 + s**4/4 - 5*s**3/3 - 35*s**2/2 - 233*s. Let i(o) be the first derivative of m(o). Determine i(-8).
6
Let n(c) be the first derivative of -c**3/3 + 3*c**2 + 8*c + 46300. Let p be (2 + -8)/((-3)/3). Calculate n(p).
8
Let d be (2/(4/2))/(29/203). Let c(z) = z**3 - 4*z**2 - 21*z - 7. Let n be c(d). Let j(x) = -2*x - 9. Give j(n).
5
Let i(c) = -7*c**3 + 14*c**2 - 4*c + 6. Suppose -5*r + 5 = 8*w - 3*w, 4*w + 2 = -r. Let n(d) = 2*d**3 - d**2 + d. Let q(v) = w*i(v) - 4*n(v). Calculate q(-10).
-6
Let m(l) be the third derivative of 11*l**5/60 + l**3/6 - 6*l**2 - 21. Calculate m(1).
12
Let v(i) be the first derivative of -75 + 1/4*i**4 - 3*i - i**2 - 5/3*i**3. Give v(5).
-13
Let r(j) = j**3 + j**2 - 4*j - 1. Let c(f) = -f**3 + 14*f**2 - 3. Let m be c(14). Let g be (-3)/(6 + m)*2. Determine r(g).
3
Let f(z) = -z**3 + 3*z**2 + 59. Let p(s) = s**2 - 1. Let g(h) = -f(h) - 3*p(h). Let r be g(7). Let o(y) = -y**2 - 7*y - 6. Give o(r).
-6
Let b(h) = -11*h**2 - 13*h + 6. Suppose 0 = 17*q + 112 + 24. Let a(m) = -7*m**2 - 9*m + 4. Let d(l) = q*a(l) + 5*b(l). Give d(-6).
-8
Let s(i) be the third derivative of 10*i**2 - 2/15*i**5 + 4*i + 0 + 1/12*i**4 + 1/120*i**6 - 1/2*i**3. Suppose 5*o + 25 = 0, -o + 2 - 23 = -2*c. Determine s(c).
13
Let w(p) be the third derivative of -p**6/120 + p**5/12 - 5*p**4/24 - p**3 + 501*p**2 + 2. Determine w(5).
-31
Let w(b) = 29*b + 16 + 18*b + 3*b - 4 - 46*b. Give w(-8).
-20
Let w(a) be the first derivative of a**4/4 + 2*a**3 - 5*a**2 - a - 246. Let l = -138 - -131. Give w(l).
20
Suppose 280 = -115*h + 111*h. Let w = h - -75. Let z(a) = -2*a**2 + 25*a - 6. Let q(d) = -d**2 + 13*d - 3. Let u(x) = 11*q(x) - 6*z(x). Determine u(w).
-7
Suppose 0 = 155*y + 426 + 349. Let w(o) be the second derivative of o**4/12 + o**3/2 - 3*o**2 - 20*o. Give w(y).
4
Let m(x) = 41*x**2 + 14*x - 12. Let v(h) = -96*h**2 - 27*h + 25. Let f(u) = -7*m(u) - 3*v(u). Calculate f(16).
-7
Let z(l) be the first derivative of -l**4/4 - l**3/3 - 8*l + 2101. Calculate z(0).
-8
Let r(z) = -10*z**2 + 16*z**2 - 12 + 2*z - 10*z**2 - 5*z**3. Let y(c) = c**3 + 2. Let x(l) = r(l) + 4*y(l). Determine x(-3).
-19
Suppose -2 = 8*r - 26. Let y(i) = 4*i**2 + 13*i + 8. Let u(q) = -2*q**2 - 7*q - 4. Let v(h) = r*y(h) + 5*u(h). What is v(-4)?
20
Let y(t) be the first derivative of t**4/2 + t**3 - 3*t**2/2 + 7997. Suppose v - 4*z = -v - 2, 0 = 2*v + z + 7. What is y(v)?
-18
Let b(o) = 4*o - 4. Let c(k) = k. Suppose 2*h - 10 = 0, 2*h - 28 = -2*s + 4. Suppose -s*l = -l + 10. Let x(d) = l*b(d) + 3*c(d). Determine x(12).
-8
Let f(u) = -48*u - 10. Let z be f(4). Let l = -205 - z. Let o(g) = -3*g - 4*g**2 + 4*g - 4 + 3*g**2 + 0*g. Give o(l).
-16
Let m(t) be the third derivative of -t**5/60 + 3*t**4/4 - 4*t**3 - 105*t**2 - 8. Give m(16).
8
Let u(z) be the third derivative of 0*z + 0 - 1/20*z**5 + 13*z**2 + 2/3*z**3 + 1/8*z**4 + 1/360*z**6. Let f(m) be the first derivative